{"id":31,"date":"2025-03-04T10:08:39","date_gmt":"2025-03-04T10:08:39","guid":{"rendered":"https:\/\/lng5014a.mmiweb.iut-tlse3.fr\/lemilitarial\/?page_id=31"},"modified":"2025-04-23T08:36:27","modified_gmt":"2025-04-23T08:36:27","slug":"a-propos","status":"publish","type":"page","link":"https:\/\/lng5014a.mmiweb.iut-tlse3.fr\/lemilitarial\/a-propos\/","title":{"rendered":"\u00c0 Propos"},"content":{"rendered":"\t\t<div data-elementor-type=\"wp-page\" data-elementor-id=\"31\" class=\"elementor elementor-31\" data-elementor-post-type=\"page\">\n\t\t\t\t\t\t<section class=\"elementor-section elementor-top-section elementor-element elementor-element-f0cd157 elementor-section-height-min-height elementor-section-boxed elementor-section-height-default elementor-section-items-middle\" data-id=\"f0cd157\" data-element_type=\"section\" data-e-type=\"section\" data-settings=\"{&quot;background_background&quot;:&quot;classic&quot;}\">\n\t\t\t\t\t\t\t<div class=\"elementor-background-overlay\"><\/div>\n\t\t\t\t\t\t\t<div class=\"elementor-container elementor-column-gap-default\">\n\t\t\t\t\t<div class=\"elementor-column elementor-col-50 elementor-top-column elementor-element elementor-element-744dd727\" data-id=\"744dd727\" data-element_type=\"column\" data-e-type=\"column\">\n\t\t\t<div class=\"elementor-widget-wrap elementor-element-populated\">\n\t\t\t\t\t\t<div class=\"elementor-element elementor-element-3f8ba65a envato-kit-98-line-before elementor-widget elementor-widget-heading\" data-id=\"3f8ba65a\" data-element_type=\"widget\" data-e-type=\"widget\" data-widget_type=\"heading.default\">\n\t\t\t\t<div class=\"elementor-widget-container\">\n\t\t\t\t\t<h2 class=\"elementor-heading-title elementor-size-default\">QUI SOMMES NOUS?<\/h2>\t\t\t\t<\/div>\n\t\t\t\t<\/div>\n\t\t\t\t<div class=\"elementor-element elementor-element-741d831e elementor-widget elementor-widget-heading\" data-id=\"741d831e\" data-element_type=\"widget\" data-e-type=\"widget\" data-widget_type=\"heading.default\">\n\t\t\t\t<div class=\"elementor-widget-container\">\n\t\t\t\t\t<h1 class=\"elementor-heading-title elementor-size-default\">LE MILITARIAL<\/h1>\t\t\t\t<\/div>\n\t\t\t\t<\/div>\n\t\t\t\t\t<\/div>\n\t\t<\/div>\n\t\t\t\t<div class=\"elementor-column elementor-col-50 elementor-top-column elementor-element elementor-element-512d9e09\" data-id=\"512d9e09\" data-element_type=\"column\" data-e-type=\"column\">\n\t\t\t<div class=\"elementor-widget-wrap\">\n\t\t\t\t\t\t\t<\/div>\n\t\t<\/div>\n\t\t\t\t\t<\/div>\n\t\t<\/section>\n\t\t<div class=\"elementor-element elementor-element-e9f0343 e-con-full e-flex e-con e-parent\" data-id=\"e9f0343\" data-element_type=\"container\" data-e-type=\"container\">\n\t\t<div class=\"elementor-element elementor-element-5eda7ba e-con-full e-flex e-con e-child\" data-id=\"5eda7ba\" data-element_type=\"container\" data-e-type=\"container\">\n\t\t\t\t<div class=\"elementor-element elementor-element-587f89d elementor-widget elementor-widget-heading\" data-id=\"587f89d\" data-element_type=\"widget\" data-e-type=\"widget\" data-widget_type=\"heading.default\">\n\t\t\t\t<div class=\"elementor-widget-container\">\n\t\t\t\t\t<h2 class=\"elementor-heading-title elementor-size-default\">Notre association<\/h2>\t\t\t\t<\/div>\n\t\t\t\t<\/div>\n\t\t\t\t<\/div>\n\t\t<div class=\"elementor-element elementor-element-6c05f0d e-con-full e-flex e-con e-child\" data-id=\"6c05f0d\" data-element_type=\"container\" data-e-type=\"container\">\n\t\t\t\t<div class=\"elementor-element elementor-element-e5468eb elementor-widget elementor-widget-text-editor\" data-id=\"e5468eb\" data-element_type=\"widget\" data-e-type=\"widget\" data-widget_type=\"text-editor.default\">\n\t\t\t\t<div class=\"elementor-widget-container\">\n\t\t\t\t\t\t\t\t\t<p>L\u2019association \u00ab\u00a0<em>Les Amis du Mus\u00e9e M\u00e9morial pour la Paix \u2013 Le Militarial<\/em>\u00ab\u00a0, bas\u00e9e \u00e0 Boissezon (Tarn), a pour mission de pr\u00e9server et transmettre la m\u00e9moire militaire \u00e0 travers son mus\u00e9e unique. Passionn\u00e9s d\u2019histoire, ses membres rassemblent, restaurent et exposent une vaste collection d\u2019objets, uniformes, armes et documents li\u00e9s aux grands conflits mondiaux. Le mus\u00e9e offre au public une plong\u00e9e authentique dans l\u2019histoire, \u00e0 travers des pi\u00e8ces rares et des reconstitutions fid\u00e8les. L\u2019association organise \u00e9galement des \u00e9v\u00e9nements et des visites guid\u00e9es pour partager cette m\u00e9moire avec les g\u00e9n\u00e9rations futures.<\/p>\t\t\t\t\t\t\t\t<\/div>\n\t\t\t\t<\/div>\n\t\t\t\t<\/div>\n\t\t\t\t<\/div>\n\t\t<div class=\"elementor-element elementor-element-5b09800 e-flex e-con-boxed e-con e-parent\" data-id=\"5b09800\" data-element_type=\"container\" data-e-type=\"container\">\n\t\t\t\t\t<div class=\"e-con-inner\">\n\t\t<div class=\"elementor-element elementor-element-faf1388 e-con-full e-flex e-con e-child\" data-id=\"faf1388\" data-element_type=\"container\" data-e-type=\"container\">\n\t\t\t\t<div class=\"elementor-element elementor-element-af80081 elementor-widget elementor-widget-heading\" data-id=\"af80081\" data-element_type=\"widget\" data-e-type=\"widget\" data-widget_type=\"heading.default\">\n\t\t\t\t<div class=\"elementor-widget-container\">\n\t\t\t\t\t<h2 class=\"elementor-heading-title elementor-size-default\">Notre Conseil d'administration<\/h2>\t\t\t\t<\/div>\n\t\t\t\t<\/div>\n\t\t\t\t<\/div>\n\t\t<div class=\"elementor-element elementor-element-a4c953e e-con-full e-flex e-con e-child\" data-id=\"a4c953e\" data-element_type=\"container\" data-e-type=\"container\">\n\t\t<div class=\"elementor-element elementor-element-9013813 e-con-full e-flex e-con e-child\" data-id=\"9013813\" data-element_type=\"container\" data-e-type=\"container\">\n\t\t<div class=\"elementor-element elementor-element-adcf893 e-con-full e-flex e-con e-child\" data-id=\"adcf893\" data-element_type=\"container\" data-e-type=\"container\">\n\t\t\t\t<div class=\"elementor-element elementor-element-87e9c97 elementor-widget elementor-widget-image\" data-id=\"87e9c97\" data-element_type=\"widget\" data-e-type=\"widget\" data-widget_type=\"image.default\">\n\t\t\t\t<div class=\"elementor-widget-container\">\n\t\t\t\t\t\t\t\t\t\t\t\t\t\t\t<img fetchpriority=\"high\" decoding=\"async\" width=\"250\" height=\"250\" src=\"https:\/\/lng5014a.mmiweb.iut-tlse3.fr\/lemilitarial\/wp-content\/uploads\/2025\/03\/image-1.jpg\" class=\"attachment-full size-full wp-image-219\" alt=\"\" srcset=\"https:\/\/lng5014a.mmiweb.iut-tlse3.fr\/lemilitarial\/wp-content\/uploads\/2025\/03\/image-1.jpg 250w, https:\/\/lng5014a.mmiweb.iut-tlse3.fr\/lemilitarial\/wp-content\/uploads\/2025\/03\/image-1-150x150.jpg 150w\" sizes=\"(max-width: 250px) 100vw, 250px\" \/>\t\t\t\t\t\t\t\t\t\t\t\t\t\t\t<\/div>\n\t\t\t\t<\/div>\n\t\t\t\t<div class=\"elementor-element elementor-element-98972f6 envato-kit-8-line-before elementor-widget elementor-widget-heading\" data-id=\"98972f6\" data-element_type=\"widget\" data-e-type=\"widget\" data-widget_type=\"heading.default\">\n\t\t\t\t<div class=\"elementor-widget-container\">\n\t\t\t\t\t<h3 class=\"elementor-heading-title elementor-size-default\">Pr\u00e9sident<\/h3>\t\t\t\t<\/div>\n\t\t\t\t<\/div>\n\t\t\t\t<div class=\"elementor-element elementor-element-f433cbd elementor-widget elementor-widget-heading\" data-id=\"f433cbd\" data-element_type=\"widget\" data-e-type=\"widget\" data-widget_type=\"heading.default\">\n\t\t\t\t<div class=\"elementor-widget-container\">\n\t\t\t\t\t<h3 class=\"elementor-heading-title elementor-size-default\">Jean-Pierre Darmais\u200b<\/h3>\t\t\t\t<\/div>\n\t\t\t\t<\/div>\n\t\t\t\t<\/div>\n\t\t<div class=\"elementor-element elementor-element-0bbec4c e-con-full e-flex e-con e-child\" data-id=\"0bbec4c\" data-element_type=\"container\" data-e-type=\"container\">\n\t\t\t\t<div class=\"elementor-element elementor-element-6411ab3 elementor-widget elementor-widget-image\" data-id=\"6411ab3\" data-element_type=\"widget\" data-e-type=\"widget\" data-widget_type=\"image.default\">\n\t\t\t\t<div class=\"elementor-widget-container\">\n\t\t\t\t\t\t\t\t\t\t\t\t\t\t\t<img decoding=\"async\" width=\"449\" height=\"520\" src=\"https:\/\/lng5014a.mmiweb.iut-tlse3.fr\/lemilitarial\/wp-content\/uploads\/2025\/03\/image-1-1.jpg\" class=\"attachment-full size-full wp-image-221\" alt=\"\" srcset=\"https:\/\/lng5014a.mmiweb.iut-tlse3.fr\/lemilitarial\/wp-content\/uploads\/2025\/03\/image-1-1.jpg 449w, https:\/\/lng5014a.mmiweb.iut-tlse3.fr\/lemilitarial\/wp-content\/uploads\/2025\/03\/image-1-1-259x300.jpg 259w\" sizes=\"(max-width: 449px) 100vw, 449px\" \/>\t\t\t\t\t\t\t\t\t\t\t\t\t\t\t<\/div>\n\t\t\t\t<\/div>\n\t\t\t\t<div class=\"elementor-element elementor-element-cf07ed4 envato-kit-8-line-before elementor-widget elementor-widget-heading\" data-id=\"cf07ed4\" data-element_type=\"widget\" data-e-type=\"widget\" data-widget_type=\"heading.default\">\n\t\t\t\t<div class=\"elementor-widget-container\">\n\t\t\t\t\t<h3 class=\"elementor-heading-title elementor-size-default\">Tr\u00e9sorier<\/h3>\t\t\t\t<\/div>\n\t\t\t\t<\/div>\n\t\t\t\t<div class=\"elementor-element elementor-element-02d1335 elementor-widget elementor-widget-heading\" data-id=\"02d1335\" data-element_type=\"widget\" data-e-type=\"widget\" data-widget_type=\"heading.default\">\n\t\t\t\t<div class=\"elementor-widget-container\">\n\t\t\t\t\t<h3 class=\"elementor-heading-title elementor-size-default\">Claude Castan\t<\/h3>\t\t\t\t<\/div>\n\t\t\t\t<\/div>\n\t\t\t\t<\/div>\n\t\t<div class=\"elementor-element elementor-element-577bb53 e-con-full e-flex e-con e-child\" data-id=\"577bb53\" data-element_type=\"container\" data-e-type=\"container\">\n\t\t\t\t<div class=\"elementor-element elementor-element-36ec1ec elementor-widget elementor-widget-image\" data-id=\"36ec1ec\" data-element_type=\"widget\" data-e-type=\"widget\" data-widget_type=\"image.default\">\n\t\t\t\t<div class=\"elementor-widget-container\">\n\t\t\t\t\t\t\t\t\t\t\t\t\t\t\t<img decoding=\"async\" src=\"https:\/\/lng5014a.mmiweb.iut-tlse3.fr\/lemilitarial\/wp-content\/uploads\/elementor\/thumbs\/image-2-r3bmnhyj1hz59llgqzdf6l1c6nr491qn2mbok4xr3k.jpg\" title=\"image (2)\" alt=\"image (2)\" loading=\"lazy\" \/>\t\t\t\t\t\t\t\t\t\t\t\t\t\t\t<\/div>\n\t\t\t\t<\/div>\n\t\t\t\t<div class=\"elementor-element elementor-element-754daa2 envato-kit-8-line-before elementor-widget elementor-widget-heading\" data-id=\"754daa2\" data-element_type=\"widget\" data-e-type=\"widget\" data-widget_type=\"heading.default\">\n\t\t\t\t<div class=\"elementor-widget-container\">\n\t\t\t\t\t<h3 class=\"elementor-heading-title elementor-size-default\">Secr\u00e9taire<\/h3>\t\t\t\t<\/div>\n\t\t\t\t<\/div>\n\t\t\t\t<div class=\"elementor-element elementor-element-9a172bb elementor-widget elementor-widget-heading\" data-id=\"9a172bb\" data-element_type=\"widget\" data-e-type=\"widget\" data-widget_type=\"heading.default\">\n\t\t\t\t<div class=\"elementor-widget-container\">\n\t\t\t\t\t<h3 class=\"elementor-heading-title elementor-size-default\">Jean-Claude Planes<\/h3>\t\t\t\t<\/div>\n\t\t\t\t<\/div>\n\t\t\t\t<\/div>\n\t\t\t\t<\/div>\n\t\t\t\t<\/div>\n\t\t\t\t\t<\/div>\n\t\t\t\t<\/div>\n\t\t<div class=\"elementor-element elementor-element-a0f25da e-flex e-con-boxed e-con e-parent\" data-id=\"a0f25da\" data-element_type=\"container\" data-e-type=\"container\">\n\t\t\t\t\t<div class=\"e-con-inner\">\n\t\t<div class=\"elementor-element elementor-element-6c496c6 e-con-full e-flex e-con e-child\" data-id=\"6c496c6\" data-element_type=\"container\" data-e-type=\"container\">\n\t\t\t\t<div class=\"elementor-element elementor-element-0648699 elementor-widget elementor-widget-heading\" data-id=\"0648699\" data-element_type=\"widget\" data-e-type=\"widget\" data-widget_type=\"heading.default\">\n\t\t\t\t<div class=\"elementor-widget-container\">\n\t\t\t\t\t<h2 class=\"elementor-heading-title elementor-size-default\">notre communaut\u00e9<\/h2>\t\t\t\t<\/div>\n\t\t\t\t<\/div>\n\t\t\t\t<\/div>\n\t\t<div class=\"elementor-element elementor-element-f8126f2 e-con-full e-flex e-con e-child\" data-id=\"f8126f2\" data-element_type=\"container\" data-e-type=\"container\">\n\t\t<div class=\"elementor-element elementor-element-6609fd3 e-con-full e-flex e-con e-child\" data-id=\"6609fd3\" data-element_type=\"container\" data-e-type=\"container\">\n\t\t<div class=\"elementor-element elementor-element-7540f9d e-con-full e-flex e-con e-child\" data-id=\"7540f9d\" data-element_type=\"container\" data-e-type=\"container\">\n\t\t\t\t<div class=\"elementor-element elementor-element-fb39e5d envato-kit-98-line-before elementor-widget elementor-widget-heading\" data-id=\"fb39e5d\" data-element_type=\"widget\" data-e-type=\"widget\" data-widget_type=\"heading.default\">\n\t\t\t\t<div class=\"elementor-widget-container\">\n\t\t\t\t\t<h1 class=\"elementor-heading-title elementor-size-default\">Soutien local\n<\/h1>\t\t\t\t<\/div>\n\t\t\t\t<\/div>\n\t\t\t\t<div class=\"elementor-element elementor-element-fb5faae elementor-widget elementor-widget-text-editor\" data-id=\"fb5faae\" data-element_type=\"widget\" data-e-type=\"widget\" data-widget_type=\"text-editor.default\">\n\t\t\t\t<div class=\"elementor-widget-container\">\n\t\t\t\t\t\t\t\t\t<p>L&rsquo;association <strong data-start=\"173\" data-end=\"232\">Les Amis du Mus\u00e9e M\u00e9morial pour la Paix \u2013 Le Militarial<\/strong> b\u00e9n\u00e9ficie d\u2019un soutien pr\u00e9cieux de la part des acteurs locaux. La mairie de Boissezon, les institutions r\u00e9gionales et les partenaires priv\u00e9s contribuent activement \u00e0 la pr\u00e9servation et au d\u00e9veloppement du mus\u00e9e. Ce soutien local est essentiel pour maintenir l\u2019activit\u00e9 de l\u2019association, organiser des \u00e9v\u00e9nements et assurer la gestion du mus\u00e9e, tout en garantissant son accessibilit\u00e9 pour le public.<\/p>\t\t\t\t\t\t\t\t<\/div>\n\t\t\t\t<\/div>\n\t\t\t\t<\/div>\n\t\t<div class=\"elementor-element elementor-element-6e4b2ed e-con-full e-flex e-con e-child\" data-id=\"6e4b2ed\" data-element_type=\"container\" data-e-type=\"container\">\n\t\t\t\t<div class=\"elementor-element elementor-element-d5c8928 envato-kit-98-line-before elementor-widget elementor-widget-heading\" data-id=\"d5c8928\" data-element_type=\"widget\" data-e-type=\"widget\" data-widget_type=\"heading.default\">\n\t\t\t\t<div class=\"elementor-widget-container\">\n\t\t\t\t\t<h1 class=\"elementor-heading-title elementor-size-default\">Donner en retour\n<\/h1>\t\t\t\t<\/div>\n\t\t\t\t<\/div>\n\t\t\t\t<div class=\"elementor-element elementor-element-8d97246 elementor-widget elementor-widget-text-editor\" data-id=\"8d97246\" data-element_type=\"widget\" data-e-type=\"widget\" data-widget_type=\"text-editor.default\">\n\t\t\t\t<div class=\"elementor-widget-container\">\n\t\t\t\t\t\t\t\t\t<p>Dans un esprit de partage et de transmission, l&rsquo;association s&rsquo;engage \u00e0 donner en retour \u00e0 la communaut\u00e9. \u00c0 travers des expositions, des conf\u00e9rences, et des \u00e9v\u00e9nements p\u00e9dagogiques, elle offre au public l\u2019opportunit\u00e9 de d\u00e9couvrir l\u2019histoire militaire tout en portant un message de paix. Ces actions permettent de renforcer la m\u00e9moire collective et de sensibiliser les g\u00e9n\u00e9rations actuelles et futures \u00e0 l\u2019importance de la pr\u00e9servation de la paix.<\/p>\t\t\t\t\t\t\t\t<\/div>\n\t\t\t\t<\/div>\n\t\t\t\t<\/div>\n\t\t\t\t<\/div>\n\t\t\t\t<\/div>\n\t\t\t\t\t<\/div>\n\t\t\t\t<\/div>\n\t\t<div class=\"elementor-element elementor-element-e077335 e-flex e-con-boxed e-con e-parent\" data-id=\"e077335\" data-element_type=\"container\" data-e-type=\"container\">\n\t\t\t\t\t<div class=\"e-con-inner\">\n\t\t<div class=\"elementor-element elementor-element-b30360d e-con-full e-flex e-con e-child\" data-id=\"b30360d\" data-element_type=\"container\" data-e-type=\"container\">\n\t\t\t\t<div class=\"elementor-element elementor-element-7b473c5 elementor-widget elementor-widget-heading\" data-id=\"7b473c5\" data-element_type=\"widget\" data-e-type=\"widget\" data-widget_type=\"heading.default\">\n\t\t\t\t<div class=\"elementor-widget-container\">\n\t\t\t\t\t<h2 class=\"elementor-heading-title elementor-size-default\">Nous retrouver<\/h2>\t\t\t\t<\/div>\n\t\t\t\t<\/div>\n\t\t\t\t<\/div>\n\t\t<div class=\"elementor-element elementor-element-caa8ec0 e-con-full e-flex e-con e-child\" data-id=\"caa8ec0\" data-element_type=\"container\" data-e-type=\"container\">\n\t\t\t\t<div class=\"elementor-element elementor-element-f77ae2e elementor-widget elementor-widget-google_maps\" data-id=\"f77ae2e\" data-element_type=\"widget\" data-e-type=\"widget\" data-widget_type=\"google_maps.default\">\n\t\t\t\t<div class=\"elementor-widget-container\">\n\t\t\t\t\t\t\t<div class=\"elementor-custom-embed\">\n\t\t\t<iframe loading=\"lazy\"\n\t\t\t\t\tsrc=\"https:\/\/maps.google.com\/maps?q=Rue%20du%20Fort%2C%2081490%20Boissezon&#038;t=m&#038;z=11&#038;output=embed&#038;iwloc=near\"\n\t\t\t\t\ttitle=\"Rue du Fort, 81490 Boissezon\"\n\t\t\t\t\taria-label=\"Rue du Fort, 81490 Boissezon\"\n\t\t\t><\/iframe>\n\t\t<\/div>\n\t\t\t\t\t\t<\/div>\n\t\t\t\t<\/div>\n\t\t\t\t<\/div>\n\t\t\t\t\t<\/div>\n\t\t\t\t<\/div>\n\t\t\t\t<section class=\"elementor-section elementor-top-section elementor-element elementor-element-6bc9d82a elementor-section-height-min-height elementor-section-boxed elementor-section-height-default elementor-section-items-middle\" data-id=\"6bc9d82a\" data-element_type=\"section\" data-e-type=\"section\" data-settings=\"{&quot;background_background&quot;:&quot;classic&quot;}\">\n\t\t\t\t\t\t\t<div class=\"elementor-background-overlay\"><\/div>\n\t\t\t\t\t\t\t<div class=\"elementor-container elementor-column-gap-default\">\n\t\t\t\t\t<div class=\"elementor-column elementor-col-100 elementor-top-column elementor-element elementor-element-31020dc5\" data-id=\"31020dc5\" data-element_type=\"column\" data-e-type=\"column\">\n\t\t\t<div class=\"elementor-widget-wrap elementor-element-populated\">\n\t\t\t\t\t\t<div class=\"elementor-element elementor-element-16050265 envato-kit-98-line-sides elementor-widget elementor-widget-heading\" data-id=\"16050265\" data-element_type=\"widget\" data-e-type=\"widget\" data-widget_type=\"heading.default\">\n\t\t\t\t<div class=\"elementor-widget-container\">\n\t\t\t\t\t<h2 class=\"elementor-heading-title elementor-size-default\">Depuis <strong data-start=\"57\" data-end=\"73\">1992<\/strong> <\/h2>\t\t\t\t<\/div>\n\t\t\t\t<\/div>\n\t\t\t\t<div class=\"elementor-element elementor-element-767c272e fa elementor-widget elementor-widget-heading\" data-id=\"767c272e\" data-element_type=\"widget\" data-e-type=\"widget\" data-widget_type=\"heading.default\">\n\t\t\t\t<div class=\"elementor-widget-container\">\n\t\t\t\t\t<h2 class=\"elementor-heading-title elementor-size-default\">Le Militarial<\/h2>\t\t\t\t<\/div>\n\t\t\t\t<\/div>\n\t\t\t\t<div class=\"elementor-element elementor-element-85a67c5 elementor-widget elementor-widget-button\" data-id=\"85a67c5\" data-element_type=\"widget\" data-e-type=\"widget\" data-widget_type=\"button.default\">\n\t\t\t\t<div class=\"elementor-widget-container\">\n\t\t\t\t\t\t\t\t\t<div class=\"elementor-button-wrapper\">\n\t\t\t\t\t<a class=\"elementor-button elementor-button-link elementor-size-md elementor-animation-float\" href=\"https:\/\/lng5014a.mmiweb.iut-tlse3.fr\/lemilitarial\/musee\/\">\n\t\t\t\t\t\t<span class=\"elementor-button-content-wrapper\">\n\t\t\t\t\t\t\t\t\t<span class=\"elementor-button-text\">D\u00e9couvrir le mus\u00e9e<\/span>\n\t\t\t\t\t<\/span>\n\t\t\t\t\t<\/a>\n\t\t\t\t<\/div>\n\t\t\t\t\t\t\t\t<\/div>\n\t\t\t\t<\/div>\n\t\t\t\t\t<\/div>\n\t\t<\/div>\n\t\t\t\t\t<\/div>\n\t\t<\/section>\n\t\t\t\t<\/div>\n\t\t","protected":false},"excerpt":{"rendered":"<p>QUI SOMMES NOUS? LE MILITARIAL Notre association L\u2019association \u00ab\u00a0Les Amis du Mus\u00e9e M\u00e9morial pour la Paix \u2013 Le Militarial\u00ab\u00a0, bas\u00e9e \u00e0 Boissezon (Tarn), a pour mission de pr\u00e9server et transmettre la m\u00e9moire militaire \u00e0 travers son mus\u00e9e unique. Passionn\u00e9s d\u2019histoire, ses membres rassemblent, restaurent et exposent une vaste collection d\u2019objets, uniformes, armes et documents li\u00e9s [&hellip;]<\/p>\n","protected":false},"author":1,"featured_media":0,"parent":0,"menu_order":0,"comment_status":"closed","ping_status":"closed","template":"","meta":{"footnotes":""},"class_list":["post-31","page","type-page","status-publish","hentry"],"_links":{"self":[{"href":"https:\/\/lng5014a.mmiweb.iut-tlse3.fr\/lemilitarial\/wp-json\/wp\/v2\/pages\/31","targetHints":{"allow":["GET"]}}],"collection":[{"href":"https:\/\/lng5014a.mmiweb.iut-tlse3.fr\/lemilitarial\/wp-json\/wp\/v2\/pages"}],"about":[{"href":"https:\/\/lng5014a.mmiweb.iut-tlse3.fr\/lemilitarial\/wp-json\/wp\/v2\/types\/page"}],"author":[{"embeddable":true,"href":"https:\/\/lng5014a.mmiweb.iut-tlse3.fr\/lemilitarial\/wp-json\/wp\/v2\/users\/1"}],"replies":[{"embeddable":true,"href":"https:\/\/lng5014a.mmiweb.iut-tlse3.fr\/lemilitarial\/wp-json\/wp\/v2\/comments?post=31"}],"version-history":[{"count":91,"href":"https:\/\/lng5014a.mmiweb.iut-tlse3.fr\/lemilitarial\/wp-json\/wp\/v2\/pages\/31\/revisions"}],"predecessor-version":[{"id":475,"href":"https:\/\/lng5014a.mmiweb.iut-tlse3.fr\/lemilitarial\/wp-json\/wp\/v2\/pages\/31\/revisions\/475"}],"wp:attachment":[{"href":"https:\/\/lng5014a.mmiweb.iut-tlse3.fr\/lemilitarial\/wp-json\/wp\/v2\/media?parent=31"}],"curies":[{"name":"wp","href":"https:\/\/api.w.org\/{rel}","templated":true}]}}